-8)/(-6))*-3?
7
Let r = 8 + -6. Suppose -r*h + 3*h - 6 = 0. Let p(f) = f**3 - 6*f**2 + 2*f - 5. What are the prime factors of p(h)?
7
Suppose f - 4 = -f. Suppose 0 = -5*q + g - 1, -f*q + 2*g - 7*g + 5 = 0. Suppose t - 34 = -4*n - 0*t, q = 4*n - 5*t - 46. What are the prime factors of n?
3
Let y be ((-7)/1)/(2/8). Let u = 41 + y. List the prime factors of u.
13
Let g = 116 - 56. List the prime factors of g.
2, 3, 5
Let a(y) = 3*y - 1. Let u be a(1). Let g = 3 + u. List the prime factors of g.
5
Let i be -2 + 5 + 0 - -44. Let w = i - 18. List the prime factors of w.
29
Let l = 26 - -12. List the prime factors of l.
2, 19
Let p(y) be the first derivative of y**3/3 + 9*y**2/2 + 10*y + 3. Let q be p(-8). Suppose 0*h = -q*h + 18. List the prime factors of h.
3
Suppose 4*o - 10 = 6. Suppose 0 = -l, -l + 13 = o*b - 123. What are the prime factors of b?
2, 17
Let i(a) = 5*a + 6. List the prime factors of i(7).
41
Let j = -16 - -18. Suppose 38 + j = 2*l. List the prime factors of l.
2, 5
Suppose 4*o = -2*z + 4, 5*o - 3*o + 10 = 2*z. Suppose -z*f = -5*v - 192, -58 = -2*f - 4*v + 12. List the prime factors of f.
43
Suppose c - 56 = 2*f - 0*f, 60 = -2*f + 3*c. What are the prime factors of (f/18)/(2/(-20))?
3, 5
Suppose 4*a + 80 = 348. What are the prime factors of a?
67
Let n = -108 + 176. List the prime factors of n.
2, 17
Let y(r) = r - 2. Let p(m) = -m + 1. Let v(l) = -4*p(l) - 5*y(l). What are the prime factors of v(-11)?
17
Suppose -4*q = -9 - 11. Suppose -74 = q*z - 7*z. What are the prime factors of z?
37
Suppose 29 = 3*d - 97. Suppose 4*v + d = 3*v. List the prime factors of 3/((v/8)/(-7)).
2
Let z = 8 + 6. What are the prime factors of z?
2, 7
List the prime factors of 22*((-35)/(-10) - 1).
5, 11
Let y = -14 - -18. Suppose -5*t - c + 140 = -53, 0 = y*t + 3*c - 150. What are the prime factors of t?
3, 13
Let l(k) = k**2 + 10*k - 6. Let d be l(-9). What are the prime factors of (-351)/d + (-6)/15?
23
Suppose d + 1 = -1. List the prime factors of d + (-2)/((-4)/42).
19
Let t(n) = -n**2 - 5*n + 7. Let h be t(-6). Suppose 16 = 4*p, -5*c + p - h = -3*p. Suppose 0 = -2*w - c*w + 60. List the prime factors of w.
2, 3
Let m = 43 + -20. Let i = -26 - -14. Let p = m + i. List the prime factors of p.
11
What are the prime factors of (-433)/(-4) - 2/8?
2, 3
What are the prime factors of (-4)/16 - (-564)/16?
5, 7
Let n = 69 + -42. Suppose -n = -3*h - 2*f + 19, -f + 5 = 0. Let l = -3 + h. List the prime factors of l.
3
Let i be (-4 + 4)/(1 + -3). Let c = 14 - i. List the prime factors of c.
2, 7
Let g(x) = -x**2 + 2*x + 13. Let f be g(10). Let n = -30 - f. What are the prime factors of n?
37
Let t = 6 + -9. Let h(n) be the third derivative of -n**4/24 + n**3/6 + 2*n**2. What are the prime factors of h(t)?
2
Suppose 4*v = 5*m - 126 - 189, -3*m + 189 = 3*v. List the prime factors of m.
3, 7
Let f(d) = -d**2 - d - 8. Suppose 0 = y - 6*y. Let j be f(y). Let a = j + 16. List the prime factors of a.
2
Let k be (-1)/(-2) - (-9)/6. Suppose 2*m - k*v = -v + 22, -3*v = -4*m + 42. List the prime factors of m.
2, 3
Suppose 5*a = 18 - 3. Suppose 5*v - j - 4*j = 50, 3*v = -a*j + 30. What are the prime factors of v?
2, 5
Suppose -80 = 9*y - 10*y + 4*b, 2*y - 116 = -3*b. What are the prime factors of y?
2
Let m(p) = 2*p**2 - 2*p**2 + 6*p - p**2 + 9. What are the prime factors of m(7)?
2
Let d be (-4 + 1 + 2)*-5. Suppose -d*b + 2*s = -101, 3*b - 4*b - 4*s = -7. What are the prime factors of b?
19
Let f(v) = v + 4. Let j be f(-6). List the prime factors of ((-9)/j)/((-12)/(-16)).
2, 3
Let y(l) = -4*l**2. Let i be y(1). Let p = -4 - i. Suppose -2*q + 4*u + 4 = -5*q, -q - 4*u - 12 = p. List the prime factors of q.
2
Suppose 0 = 14*v - 18*v + 212. List the prime factors of v.
53
Let l(d) = 4*d + 55. What are the prime factors of l(0)?
5, 11
List the prime factors of 24*-5*(-4)/10.
2, 3
Suppose 0*g + 2*s = 5*g - 173, -136 = -4*g + 4*s. Let t be (-10)/g - (-130)/14. Let p = t - 6. List the prime factors of p.
3
Let u = 6 - 13. Let p = 33 - u. Suppose 10*j - 5*j - p = 0. List the prime factors of j.
2
Suppose 6 = 5*p - 4. Let t = -2 - p. Let c(l) = l**2 + l - 2. List the prime factors of c(t).
2, 5
Let l = -28 + 16. Let x be 90/l*2/(-3). Let m(o) = -o**3 + 5*o**2 + o + 1. What are the prime factors of m(x)?
2, 3
List the prime factors of -18*-7*1/3.
2, 3, 7
Suppose -8 = -5*j + 3*j. Suppose -4*z = -2*o - 66, z = -o - j*o + 22. Suppose z - 3 = 2*c. What are the prime factors of c?
7
What are the prime factors of (843 + -2 + 2)/3?
281
Let n(s) = -s**2 + 7*s + 6. Let o be n(7). What are the prime factors of (-3 + -5)*(-3)/o?
2
Suppose 3*h - 4*o - 11 = 0, o + 17 = 5*h - 7. Suppose -2*x - h*z = -39 + 16, 5*z + 34 = x. What are the prime factors of x?
19
Suppose n - 4 = -3. Suppose j = -n, -11 = -3*f + 3*j - j. List the prime factors of (f + (-2)/1)*3.
3
Suppose 0 = 2*k - 6*k - 3*j + 30, 26 = 3*k + 4*j. Let z = 1 + k. What are the prime factors of z?
7
Let k be (108/(-10))/((-3)/10). Suppose -24 = -3*x + k. List the prime factors of x.
2, 5
Let q = 72 - 51. Let n = q - 10. What are the prime factors of n?
11
Suppose -37 = 2*b - y - 515, -4*b + y = -954. List the prime factors of b.
2, 7, 17
Let z(g) = 3*g + 2. Let t = 3 + -3. Suppose -2*u + t*m = m - 1, -4*m = -u + 14. List the prime factors of z(u).
2
Let z = 6 + -13. Let v(c) be the first derivative of -c**3/3 - 5*c**2 - 10*c + 1. List the prime factors of v(z).
11
What are the prime factors of 152/16 + 2/4?
2, 5
Suppose 2*m = m + 59. List the prime factors of m.
59
Let p = -11 + 5. What are the prime factors of (-214)/p - 7/(-21)?
2, 3
Suppose -5*j + a = -25, 2*a - 5 = -j - 2*a. Let l = 4 + 0. Suppose l*u + u = 0, 4*y - j*u = 16. What are the prime factors of y?
2
Suppose -28 = 7*v - 3*v. Suppose 3*r + 3 = -f + r, -5*f - 3*r - 1 = 0. Let c = f - v. What are the prime factors of c?
2
Suppose y - 3 - 2 = 0. Suppose -3*s = y*a - 1, -5*s + 2*a = -13 + 1. Let v = 20 - s. List the prime factors of v.
2, 3
Let j = -9 + 15. Suppose -4*d = -j*d + 10. Suppose 3*y = d + 1. List the prime factors of y.
2
Let w = -16 + 25. Let u be w/(-6)*(-4)/3. Suppose -u*m + 11 = -m. What are the prime factors of m?
11
Let u = -6 - -8. Suppose -u*y + 55 = 3*y. List the prime factors of y.
11
Let d(s) = 17*s - 36. What are the prime factors of d(12)?
2, 3, 7
Let i = 68 + 74. List the prime factors of i.
2, 71
Let c(u) = 3*u + 55. List the prime factors of c(10).
5, 17
Suppose 3*n - 1 = 5. Suppose 0*v - 5*v - 32 = -4*f, -5 = n*v + f. Let j(t) = -t**3 - 4*t**2 - t. List the prime factors of j(v).
2
What are the prime factors of 2 + 5 + 615/3?
2, 53
Let x = -5 - -12. List the prime factors of x.
7
Let c(g) = -g**3 - 4*g**2 + 3*g - 11. What are the prime factors of c(-8)?
13, 17
Suppose 47 = 3*s - 4*t, 2*s - 88 = -3*s - 3*t. What are the prime factors of s?
17
Suppose 4*k + 3*q - 7 = 4*q, 0 = -q + 5. Let r be (56/(-12))/((-1)/k). Let s = -1 + r. List the prime factors of s.
13
Let x(o) = 2*o**2 - o - 1. Let w be x(-1). Suppose w*b - 1 = 3. Suppose t - b = 14. List the prime factors of t.
2
Let j(n) = 3*n - 2. Let c be j(2). Suppose -1 = -b + c. List the prime factors of b.
5
Let s(a) = a + 8. List the prime factors of s(0).
2
Let s = -8 - 30. Let g be (-1 + 4)/(3/(-26)). Let n = g - s. List the prime factors of n.
2, 3
Let h = -99 - -160. What are the prime factors of h?
61
Suppose -5*x + 13 = 3*i - 89, -14 = -x + i. What are the prime factors of (-3)/(x/14)*-12?
2, 7
Let t be ((-80)/25)/(3/(-60)). Suppose -l = -3*l + t. List the prime factors of l.
2
Suppose 15 = 4*d - 53. What are the prime factors of d?
17
Suppose 5*q - 5*h - 885 = 0, 0 = 2*q + q - h - 539. List the prime factors of q.
181
Suppose 0 = 4*x - 2 + 6. Let o be (1 - (x - 0)) + 0. Suppose -l - o*l + 30 = 5*z, -z + 30 = 3*l. What are the prime factors of l?
2, 5
Let j(d) = d**2 + d + 4. Let c be j(-3). Let m = c + -8. Suppose -1 = -m*h + 5. List the prime factors of h.
3
Suppose 2*s - 48 = 2*x, -5*x + 0*x = -3*s + 80. Let h be (-6)/(-4)*s/15. What are the prime factors of ((-4)/3)/(h/(-3))?
2
Let x(z) = -z**3 + 8*z**2 + 8*z + 13. Let n be x(9). Suppose 3*q - n*a = 0, -2*q + a = 2*q - 13. List the prime factors of q.
2
Suppose -15*v + 6 = -12*v. What are the prime factors of v?
2
Let r = -206 + 126. Wha